{"id":9759,"date":"2025-05-27T12:07:32","date_gmt":"2025-05-27T10:07:32","guid":{"rendered":"https:\/\/coverseal-com.poush-dev.be\/ufaq\/la-membrane-peut-elle-changer-de-couleur-et-quen-est-il-de-lhabillage\/"},"modified":"2025-12-13T19:15:19","modified_gmt":"2025-12-13T18:15:19","slug":"el-color-de-la-membrana-y-del-revestimiento-cambia-con-el-paso-del-tiempo-o-con-la-exposicion-solar","status":"publish","type":"ufaq","link":"https:\/\/www.coverseal.com\/es\/ufaq\/el-color-de-la-membrana-y-del-revestimiento-cambia-con-el-paso-del-tiempo-o-con-la-exposicion-solar\/","title":{"rendered":"\u00bfEl color de la membrana y del revestimiento cambia con el paso del tiempo o con la exposici\u00f3n solar?"},"content":{"rendered":"<style>.ewd-ufaq-post-margin-symbol { color: #7f351b !important; }.ewd-ufaq-faq-title .ewd-ufaq-post-margin-symbol span { font-size: 22px !important; }div.ewd-ufaq-faq-title h5 { font-family: Lexend !important; }div.ewd-ufaq-faq-title h5 { font-size: 20px !important; }<\/style><div  class=\"ewd-ufaq-faq-list ewd-ufaq-page-type-infinite_scroll ewd-ufaq-category-tabs-\" id='ewd-ufaq-faq-list'>\n\n\t<input type='hidden' name='show_on_load' value='' id='ewd-ufaq-show-on-load' \/>\n<input type='hidden' name='include_category' value='' id='ewd-ufaq-include-category' \/>\n<input type='hidden' name='exclude_category' value='' id='ewd-ufaq-exclude-category' \/>\n<input type='hidden' name='orderby' value='title' id='ewd-ufaq-orderby' \/>\n<input type='hidden' name='order' value='asc' id='ewd-ufaq-order' \/>\n<input type='hidden' name='post_count' value='-1' id='ewd-ufaq-post-count' \/>\n<input type='hidden' name='current_url' value='\/es\/wp-json\/wp\/v2\/ufaq\/9759' id='ewd-ufaq-current-url' \/>\n\t\n\t\n\t<div class='ewd-ufaq-faqs'>\n\n\t\t<div  class=\"ewd-ufaq-faq-div ewd-ufaq-faq-column-count-one ewd-ufaq-faq-responsive-columns- ewd-ufaq-faq-display-style-default ewd-ufaq-can-be-toggled\" id='ewd-ufaq-post-9759-Iw2jBq1X58' data-post_id='9759'>\n\n\t\t\n\t<div class='ewd-ufaq-faq-title ewd-ufaq-faq-toggle'>\n\t\n\t<a class='ewd-ufaq-post-margin'  href='#' role=\"button\">\n\n\t\t<div class='ewd-ufaq-post-margin-symbol ewd-ufaq-'>\n\t\t\t<span >B<\/span>\n\t\t<\/div>\n\n\t\t<div class='ewd-ufaq-faq-title-text'>\n\n\t\t\t<h5>\n\t\t\t\t\u00bfEl color de la membrana y del revestimiento cambia con el paso del tiempo o con la exposici\u00f3n solar?\t\t\t<\/h5>\n\n\t\t<\/div>\n\n\t\t<div class='ewd-ufaq-clear'><\/div>\n\n\t<\/a>\n\t\n<\/div>\n\t\n\t<div class='ewd-ufaq-faq-body' >\n\n\t\t\n\t\t\t<div class='ewd-ufaq-faq-categories'>\n\t\n\tCategory:\n\t\n\t\tInformaci\u00f3n general\n\t\n<\/div>\n\t\t\n\t\t\t<div class='ewd-ufaq-post-margin ewd-ufaq-faq-post'>\n\t<div class=\"ewa-rteLine\">\n<div class=\"ewa-rteLine\">Como cualquier material expuesto a los rayos UV, la membrana puede sufrir una ligera decoloraci\u00f3n con el tiempo. Este fen\u00f3meno, aunque natural, ser\u00e1 m\u00e1s notorio en las membranas oscuras.<\/div>\n<div class=\"ewa-rteLine\">El revestimiento de la cubierta, por su parte, est\u00e1 termolacado. La pintura es, por lo tanto, muy resistente a largo plazo y se adapta al entorno de la piscina. No obstante, al igual que las carrocer\u00edas de los autom\u00f3viles, tambi\u00e9n puede presentar, sin embargo, una ligera decoloraci\u00f3n con la exposici\u00f3n solar.<\/div>\n<div class=\"ewa-rteLine\">Tambi\u00e9n es posible encontrar revestimientos con acabados m\u00e1s espec\u00edficos, como el \u00abefecto espejo\u00bb o el \u00abefecto metal\u00bb. En este caso, el revestimiento se realiza con paneles composites. Es un producto que tambi\u00e9n perdurar\u00e1 a lo largo de los a\u00f1os sin perder su calidad.<\/div>\n<\/div>\n<\/div>\n\t\t\n\t\t\t\n\t\t\n\t\t\t\n\t\t\n\t\t\t\n\t\t\n\t\t\t\n\t\t\n\t\t\t\n\t\t\n\t\t\t\n\t\t\n\t\t\t\n\t\t\n\t\t\t\n\t\t\n\t<\/div>\n\n<\/div>\n\t<\/div>\n\n\t\n<\/div>","protected":false},"excerpt":{"rendered":"<p>B \u00bfEl color de la membrana y del revestimiento cambia con el paso del tiempo o con la exposici\u00f3n solar? Category: Informaci\u00f3n general Como cualquier material expuesto a los rayos UV, la membrana puede sufrir una ligera decoloraci\u00f3n con el tiempo. Este fen\u00f3meno, aunque natural, ser\u00e1 m\u00e1s notorio en las membranas oscuras. El revestimiento de [&hellip;]<\/p>\n","protected":false},"author":19,"featured_media":0,"comment_status":"closed","ping_status":"closed","template":"","ufaq-category":[62],"ufaq-tag":[],"class_list":["post-9759","ufaq","type-ufaq","status-publish","hentry","ufaq-category-informacion-general"],"yoast_head":"<!-- This site is optimized with the Yoast SEO plugin v27.5 - https:\/\/yoast.com\/product\/yoast-seo-wordpress\/ -->\n<title>\u00bfEl color de la membrana y del revestimiento cambia con el paso del tiempo o con la exposici\u00f3n solar? | Coverseal<\/title>\n<meta name=\"description\" content=\"Como cualquier material expuesto a los rayos UV, la membrana puede sufrir una ligera decoloraci\u00f3n con el tiempo.\" \/>\n<meta name=\"robots\" content=\"index, follow, max-snippet:-1, max-image-preview:large, max-video-preview:-1\" \/>\n<link rel=\"canonical\" href=\"https:\/\/www.coverseal.com\/es\/ufaq\/el-color-de-la-membrana-y-del-revestimiento-cambia-con-el-paso-del-tiempo-o-con-la-exposicion-solar\/\" \/>\n<meta property=\"og:locale\" content=\"es_ES\" \/>\n<meta property=\"og:type\" content=\"article\" \/>\n<meta property=\"og:title\" content=\"\u00bfEl color de la membrana y del revestimiento cambia con el paso del tiempo o con la exposici\u00f3n solar? | Coverseal\" \/>\n<meta property=\"og:description\" content=\"Como cualquier material expuesto a los rayos UV, la membrana puede sufrir una ligera decoloraci\u00f3n con el tiempo.\" \/>\n<meta property=\"og:url\" content=\"https:\/\/www.coverseal.com\/es\/ufaq\/el-color-de-la-membrana-y-del-revestimiento-cambia-con-el-paso-del-tiempo-o-con-la-exposicion-solar\/\" \/>\n<meta property=\"og:site_name\" content=\"Coverseal\" \/>\n<meta property=\"article:modified_time\" content=\"2025-12-13T18:15:19+00:00\" \/>\n<meta name=\"twitter:card\" content=\"summary_large_image\" \/>\n<meta name=\"twitter:label1\" content=\"Tiempo de lectura\" \/>\n\t<meta name=\"twitter:data1\" content=\"1 minuto\" \/>\n<script type=\"application\/ld+json\" class=\"yoast-schema-graph\">{\"@context\":\"https:\\\/\\\/schema.org\",\"@graph\":[{\"@type\":\"WebPage\",\"@id\":\"https:\\\/\\\/www.coverseal.com\\\/es\\\/ufaq\\\/el-color-de-la-membrana-y-del-revestimiento-cambia-con-el-paso-del-tiempo-o-con-la-exposicion-solar\\\/\",\"url\":\"https:\\\/\\\/www.coverseal.com\\\/es\\\/ufaq\\\/el-color-de-la-membrana-y-del-revestimiento-cambia-con-el-paso-del-tiempo-o-con-la-exposicion-solar\\\/\",\"name\":\"\u00bfEl color de la membrana y del revestimiento cambia con el paso del tiempo o con la exposici\u00f3n solar? | Coverseal\",\"isPartOf\":{\"@id\":\"https:\\\/\\\/www.coverseal.com\\\/es\\\/#website\"},\"datePublished\":\"2025-05-27T10:07:32+00:00\",\"dateModified\":\"2025-12-13T18:15:19+00:00\",\"description\":\"Como cualquier material expuesto a los rayos UV, la membrana puede sufrir una ligera decoloraci\u00f3n con el tiempo.\",\"breadcrumb\":{\"@id\":\"https:\\\/\\\/www.coverseal.com\\\/es\\\/ufaq\\\/el-color-de-la-membrana-y-del-revestimiento-cambia-con-el-paso-del-tiempo-o-con-la-exposicion-solar\\\/#breadcrumb\"},\"inLanguage\":\"es\",\"potentialAction\":[{\"@type\":\"ReadAction\",\"target\":[\"https:\\\/\\\/www.coverseal.com\\\/es\\\/ufaq\\\/el-color-de-la-membrana-y-del-revestimiento-cambia-con-el-paso-del-tiempo-o-con-la-exposicion-solar\\\/\"]}]},{\"@type\":\"BreadcrumbList\",\"@id\":\"https:\\\/\\\/www.coverseal.com\\\/es\\\/ufaq\\\/el-color-de-la-membrana-y-del-revestimiento-cambia-con-el-paso-del-tiempo-o-con-la-exposicion-solar\\\/#breadcrumb\",\"itemListElement\":[{\"@type\":\"ListItem\",\"position\":1,\"name\":\"Accueil\",\"item\":\"https:\\\/\\\/www.coverseal.com\\\/es\\\/\"},{\"@type\":\"ListItem\",\"position\":2,\"name\":\"FAQs\",\"item\":\"https:\\\/\\\/www.coverseal.com\\\/es\\\/ufaq\\\/\"},{\"@type\":\"ListItem\",\"position\":3,\"name\":\"\u00bfEl color de la membrana y del revestimiento cambia con el paso del tiempo o con la exposici\u00f3n solar?\"}]},{\"@type\":\"WebSite\",\"@id\":\"https:\\\/\\\/www.coverseal.com\\\/es\\\/#website\",\"url\":\"https:\\\/\\\/www.coverseal.com\\\/es\\\/\",\"name\":\"Coverseal\",\"description\":\"\",\"potentialAction\":[{\"@type\":\"SearchAction\",\"target\":{\"@type\":\"EntryPoint\",\"urlTemplate\":\"https:\\\/\\\/www.coverseal.com\\\/es\\\/?s={search_term_string}\"},\"query-input\":{\"@type\":\"PropertyValueSpecification\",\"valueRequired\":true,\"valueName\":\"search_term_string\"}}],\"inLanguage\":\"es\"}]}<\/script>\n<!-- \/ Yoast SEO plugin. -->","yoast_head_json":{"title":"\u00bfEl color de la membrana y del revestimiento cambia con el paso del tiempo o con la exposici\u00f3n solar? | Coverseal","description":"Como cualquier material expuesto a los rayos UV, la membrana puede sufrir una ligera decoloraci\u00f3n con el tiempo.","robots":{"index":"index","follow":"follow","max-snippet":"max-snippet:-1","max-image-preview":"max-image-preview:large","max-video-preview":"max-video-preview:-1"},"canonical":"https:\/\/www.coverseal.com\/es\/ufaq\/el-color-de-la-membrana-y-del-revestimiento-cambia-con-el-paso-del-tiempo-o-con-la-exposicion-solar\/","og_locale":"es_ES","og_type":"article","og_title":"\u00bfEl color de la membrana y del revestimiento cambia con el paso del tiempo o con la exposici\u00f3n solar? | Coverseal","og_description":"Como cualquier material expuesto a los rayos UV, la membrana puede sufrir una ligera decoloraci\u00f3n con el tiempo.","og_url":"https:\/\/www.coverseal.com\/es\/ufaq\/el-color-de-la-membrana-y-del-revestimiento-cambia-con-el-paso-del-tiempo-o-con-la-exposicion-solar\/","og_site_name":"Coverseal","article_modified_time":"2025-12-13T18:15:19+00:00","twitter_card":"summary_large_image","twitter_misc":{"Tiempo de lectura":"1 minuto"},"schema":{"@context":"https:\/\/schema.org","@graph":[{"@type":"WebPage","@id":"https:\/\/www.coverseal.com\/es\/ufaq\/el-color-de-la-membrana-y-del-revestimiento-cambia-con-el-paso-del-tiempo-o-con-la-exposicion-solar\/","url":"https:\/\/www.coverseal.com\/es\/ufaq\/el-color-de-la-membrana-y-del-revestimiento-cambia-con-el-paso-del-tiempo-o-con-la-exposicion-solar\/","name":"\u00bfEl color de la membrana y del revestimiento cambia con el paso del tiempo o con la exposici\u00f3n solar? | Coverseal","isPartOf":{"@id":"https:\/\/www.coverseal.com\/es\/#website"},"datePublished":"2025-05-27T10:07:32+00:00","dateModified":"2025-12-13T18:15:19+00:00","description":"Como cualquier material expuesto a los rayos UV, la membrana puede sufrir una ligera decoloraci\u00f3n con el tiempo.","breadcrumb":{"@id":"https:\/\/www.coverseal.com\/es\/ufaq\/el-color-de-la-membrana-y-del-revestimiento-cambia-con-el-paso-del-tiempo-o-con-la-exposicion-solar\/#breadcrumb"},"inLanguage":"es","potentialAction":[{"@type":"ReadAction","target":["https:\/\/www.coverseal.com\/es\/ufaq\/el-color-de-la-membrana-y-del-revestimiento-cambia-con-el-paso-del-tiempo-o-con-la-exposicion-solar\/"]}]},{"@type":"BreadcrumbList","@id":"https:\/\/www.coverseal.com\/es\/ufaq\/el-color-de-la-membrana-y-del-revestimiento-cambia-con-el-paso-del-tiempo-o-con-la-exposicion-solar\/#breadcrumb","itemListElement":[{"@type":"ListItem","position":1,"name":"Accueil","item":"https:\/\/www.coverseal.com\/es\/"},{"@type":"ListItem","position":2,"name":"FAQs","item":"https:\/\/www.coverseal.com\/es\/ufaq\/"},{"@type":"ListItem","position":3,"name":"\u00bfEl color de la membrana y del revestimiento cambia con el paso del tiempo o con la exposici\u00f3n solar?"}]},{"@type":"WebSite","@id":"https:\/\/www.coverseal.com\/es\/#website","url":"https:\/\/www.coverseal.com\/es\/","name":"Coverseal","description":"","potentialAction":[{"@type":"SearchAction","target":{"@type":"EntryPoint","urlTemplate":"https:\/\/www.coverseal.com\/es\/?s={search_term_string}"},"query-input":{"@type":"PropertyValueSpecification","valueRequired":true,"valueName":"search_term_string"}}],"inLanguage":"es"}]}},"_links":{"self":[{"href":"https:\/\/www.coverseal.com\/es\/wp-json\/wp\/v2\/ufaq\/9759","targetHints":{"allow":["GET"]}}],"collection":[{"href":"https:\/\/www.coverseal.com\/es\/wp-json\/wp\/v2\/ufaq"}],"about":[{"href":"https:\/\/www.coverseal.com\/es\/wp-json\/wp\/v2\/types\/ufaq"}],"author":[{"embeddable":true,"href":"https:\/\/www.coverseal.com\/es\/wp-json\/wp\/v2\/users\/19"}],"replies":[{"embeddable":true,"href":"https:\/\/www.coverseal.com\/es\/wp-json\/wp\/v2\/comments?post=9759"}],"wp:attachment":[{"href":"https:\/\/www.coverseal.com\/es\/wp-json\/wp\/v2\/media?parent=9759"}],"wp:term":[{"taxonomy":"ufaq-category","embeddable":true,"href":"https:\/\/www.coverseal.com\/es\/wp-json\/wp\/v2\/ufaq-category?post=9759"},{"taxonomy":"ufaq-tag","embeddable":true,"href":"https:\/\/www.coverseal.com\/es\/wp-json\/wp\/v2\/ufaq-tag?post=9759"}],"curies":[{"name":"wp","href":"https:\/\/api.w.org\/{rel}","templated":true}]}}

¿El color de la membrana y del revestimiento cambia con el paso del tiempo o con la exposición solar?

<style>.ewd-ufaq-post-margin-symbol { color: #7f351b !important; }.ewd-ufaq-faq-title .ewd-ufaq-post-margin-symbol span { font-size: 22px !important; }div.ewd-ufaq-faq-title h5 { font-family: Lexend !important; }div.ewd-ufaq-faq-title h5 { font-size: 20px !important; }</style><div  class="ewd-ufaq-faq-list ewd-ufaq-page-type-infinite_scroll ewd-ufaq-category-tabs-" id='ewd-ufaq-faq-list'>

	<input type='hidden' name='show_on_load' value='' id='ewd-ufaq-show-on-load' />
<input type='hidden' name='include_category' value='' id='ewd-ufaq-include-category' />
<input type='hidden' name='exclude_category' value='' id='ewd-ufaq-exclude-category' />
<input type='hidden' name='orderby' value='title' id='ewd-ufaq-orderby' />
<input type='hidden' name='order' value='asc' id='ewd-ufaq-order' />
<input type='hidden' name='post_count' value='-1' id='ewd-ufaq-post-count' />
<input type='hidden' name='current_url' value='/es/wp-json/wp/v2/ufaq/9759' id='ewd-ufaq-current-url' />
	
	
	<div class='ewd-ufaq-faqs'>

		<div  class="ewd-ufaq-faq-div ewd-ufaq-faq-column-count-one ewd-ufaq-faq-responsive-columns- ewd-ufaq-faq-display-style-default ewd-ufaq-can-be-toggled" id='ewd-ufaq-post-9759-Iw2jBq1X58' data-post_id='9759'>

		
	<div class='ewd-ufaq-faq-title ewd-ufaq-faq-toggle'>
	
	<a class='ewd-ufaq-post-margin'  href='#' role="button">

		<div class='ewd-ufaq-post-margin-symbol ewd-ufaq-'>
			<span >B</span>
		</div>

		<div class='ewd-ufaq-faq-title-text'>

			<h5>
				¿El color de la membrana y del revestimiento cambia con el paso del tiempo o con la exposición solar?			</h5>

		</div>

		<div class='ewd-ufaq-clear'></div>

	</a>
	
</div>
	
	<div class='ewd-ufaq-faq-body' >

		
			<div class='ewd-ufaq-faq-categories'>
	
	Category:
	
		Información general
	
</div>
		
			<div class='ewd-ufaq-post-margin ewd-ufaq-faq-post'>
	<div class="ewa-rteLine">
<div class="ewa-rteLine">Como cualquier material expuesto a los rayos UV, la membrana puede sufrir una ligera decoloración con el tiempo. Este fenómeno, aunque natural, será más notorio en las membranas oscuras.</div>
<div class="ewa-rteLine">El revestimiento de la cubierta, por su parte, está termolacado. La pintura es, por lo tanto, muy resistente a largo plazo y se adapta al entorno de la piscina. No obstante, al igual que las carrocerías de los automóviles, también puede presentar, sin embargo, una ligera decoloración con la exposición solar.</div>
<div class="ewa-rteLine">También es posible encontrar revestimientos con acabados más específicos, como el «efecto espejo» o el «efecto metal». En este caso, el revestimiento se realiza con paneles composites. Es un producto que también perdurará a lo largo de los años sin perder su calidad.</div>
</div>
</div>
		
			
		
			
		
			
		
			
		
			
		
			
		
			
		
			
		
	</div>

</div>
	</div>

	
</div>

<p>B ¿El color de la membrana y del revestimiento cambia con el paso del tiempo o con la exposición solar? Category: Información general Como cualquier material expuesto a los rayos UV, la membrana puede sufrir una ligera decoloración con el tiempo. Este fenómeno, aunque natural, será más notorio en las membranas oscuras. El revestimiento de [&hellip;]</p>

<!-- This site is optimized with the Yoast SEO plugin v27.5 - https://yoast.com/product/yoast-seo-wordpress/ -->
<title>¿El color de la membrana y del revestimiento cambia con el paso del tiempo o con la exposición solar? | Coverseal</title>
<meta name="description" content="Como cualquier material expuesto a los rayos UV, la membrana puede sufrir una ligera decoloración con el tiempo." />
<meta name="robots" content="index, follow, max-snippet:-1, max-image-preview:large, max-video-preview:-1" />
<link rel="canonical" href="https://www.coverseal.com/es/ufaq/el-color-de-la-membrana-y-del-revestimiento-cambia-con-el-paso-del-tiempo-o-con-la-exposicion-solar/" />
<meta property="og:locale" content="es_ES" />
<meta property="og:type" content="article" />
<meta property="og:title" content="¿El color de la membrana y del revestimiento cambia con el paso del tiempo o con la exposición solar? | Coverseal" />
<meta property="og:description" content="Como cualquier material expuesto a los rayos UV, la membrana puede sufrir una ligera decoloración con el tiempo." />
<meta property="og:url" content="https://www.coverseal.com/es/ufaq/el-color-de-la-membrana-y-del-revestimiento-cambia-con-el-paso-del-tiempo-o-con-la-exposicion-solar/" />
<meta property="og:site_name" content="Coverseal" />
<meta property="article:modified_time" content="2025-12-13T18:15:19+00:00" />
<meta name="twitter:card" content="summary_large_image" />
<meta name="twitter:label1" content="Tiempo de lectura" />
	<meta name="twitter:data1" content="1 minuto" />
<script type="application/ld+json" class="yoast-schema-graph">{"@context":"https:\/\/schema.org","@graph":[{"@type":"WebPage","@id":"https:\/\/www.coverseal.com\/es\/ufaq\/el-color-de-la-membrana-y-del-revestimiento-cambia-con-el-paso-del-tiempo-o-con-la-exposicion-solar\/","url":"https:\/\/www.coverseal.com\/es\/ufaq\/el-color-de-la-membrana-y-del-revestimiento-cambia-con-el-paso-del-tiempo-o-con-la-exposicion-solar\/","name":"¿El color de la membrana y del revestimiento cambia con el paso del tiempo o con la exposición solar? | Coverseal","isPartOf":{"@id":"https:\/\/www.coverseal.com\/es\/#website"},"datePublished":"2025-05-27T10:07:32+00:00","dateModified":"2025-12-13T18:15:19+00:00","description":"Como cualquier material expuesto a los rayos UV, la membrana puede sufrir una ligera decoloración con el tiempo.","breadcrumb":{"@id":"https:\/\/www.coverseal.com\/es\/ufaq\/el-color-de-la-membrana-y-del-revestimiento-cambia-con-el-paso-del-tiempo-o-con-la-exposicion-solar\/#breadcrumb"},"inLanguage":"es","potentialAction":[{"@type":"ReadAction","target":["https:\/\/www.coverseal.com\/es\/ufaq\/el-color-de-la-membrana-y-del-revestimiento-cambia-con-el-paso-del-tiempo-o-con-la-exposicion-solar\/"]}]},{"@type":"BreadcrumbList","@id":"https:\/\/www.coverseal.com\/es\/ufaq\/el-color-de-la-membrana-y-del-revestimiento-cambia-con-el-paso-del-tiempo-o-con-la-exposicion-solar\/#breadcrumb","itemListElement":[{"@type":"ListItem","position":1,"name":"Accueil","item":"https:\/\/www.coverseal.com\/es\/"},{"@type":"ListItem","position":2,"name":"FAQs","item":"https:\/\/www.coverseal.com\/es\/ufaq\/"},{"@type":"ListItem","position":3,"name":"¿El color de la membrana y del revestimiento cambia con el paso del tiempo o con la exposición solar?"}]},{"@type":"WebSite","@id":"https:\/\/www.coverseal.com\/es\/#website","url":"https:\/\/www.coverseal.com\/es\/","name":"Coverseal","description":"","potentialAction":[{"@type":"SearchAction","target":{"@type":"EntryPoint","urlTemplate":"https:\/\/www.coverseal.com\/es\/?s={search_term_string}"},"query-input":{"@type":"PropertyValueSpecification","valueRequired":true,"valueName":"search_term_string"}}],"inLanguage":"es"}]}</script>
<!-- / Yoast SEO plugin. -->

¿El color de la membrana y del revestimiento cambia con el paso del tiempo o con la exposición solar? | Coverseal

Como cualquier material expuesto a los rayos UV, la membrana puede sufrir una ligera decoloración con el tiempo.
